git of 4475897609?
9
What is the ten millions digit of 50949141?
5
What is the tens digit of 12748288?
8
What is the units digit of 230097130?
0
What is the millions digit of 115844073?
5
What is the units digit of 5483247669?
9
What is the hundred thousands digit of 709077603?
0
What is the units digit of 5223481?
1
What is the tens digit of 5655654160?
6
What is the tens digit of 2268647175?
7
What is the ten millions digit of 34190872?
3
What is the millions digit of 1124427437?
4
What is the ten millions digit of 401150980?
0
What is the tens digit of 252330549?
4
What is the ten thousands digit of 5202447586?
4
What is the units digit of 40059625?
5
What is the hundred millions digit of 556633916?
5
What is the thousands digit of 2917804389?
4
What is the hundred thousands digit of 568423994?
4
What is the thousands digit of 362056754?
6
What is the hundred thousands digit of 5218767765?
7
What is the ten millions digit of 8796005827?
9
What is the hundred thousands digit of 45141800?
1
What is the tens digit of 368305951?
5
What is the hundred millions digit of 1231467444?
2
What is the thousands digit of 50645677?
5
What is the tens digit of 47400567?
6
What is the ten millions digit of 829500327?
2
What is the tens digit of 237933239?
3
What is the ten millions digit of 55114225?
5
What is the units digit of 3020872?
2
What is the tens digit of 3434544?
4
What is the hundred millions digit of 3570573250?
5
What is the tens digit of 923634087?
8
What is the hundreds digit of 297182952?
9
What is the millions digit of 1428142807?
8
What is the hundred thousands digit of 1452294003?
2
What is the hundred millions digit of 174094663?
1
What is the hundred millions digit of 670661315?
6
What is the hundred millions digit of 263908085?
2
What is the hundreds digit of 483944515?
5
What is the thousands digit of 497958988?
8
What is the ten thousands digit of 59625720?
2
What is the millions digit of 28485280?
8
What is the hundred thousands digit of 7267491099?
4
What is the ten thousands digit of 509617472?
1
What is the hundred millions digit of 434828438?
4
What is the thousands digit of 1883870619?
0
What is the hundreds digit of 92322795?
7
What is the ten millions digit of 338468577?
3
What is the hundred thousands digit of 2669470776?
4
What is the hundreds digit of 98923596?
5
What is the millions digit of 63449443?
3
What is the hundred thousands digit of 1147013533?
0
What is the tens digit of 38090782?
8
What is the ten millions digit of 2845575285?
4
What is the thousands digit of 1618009226?
9
What is the thousands digit of 4259128592?
8
What is the ten millions digit of 52060884?
5
What is the hundred thousands digit of 165838336?
8
What is the tens digit of 848950476?
7
What is the billions digit of 1748814365?
1
What is the units digit of 31777152?
2
What is the ten millions digit of 329111082?
2
What is the thousands digit of 1682751416?
1
What is the units digit of 185070486?
6
What is the thousands digit of 177711124?
1
What is the hundred millions digit of 1095654612?
0
What is the tens digit of 33294071?
7
What is the ten thousands digit of 73945252?
4
What is the ten millions digit of 3919938581?
1
What is the units digit of 2343781070?
0
What is the units digit of 856238661?
1
What is the units digit of 378825840?
0
What is the ten millions digit of 28862266?
2
What is the hundred thousands digit of 328340?
3
What is the ten millions digit of 116943408?
1
What is the units digit of 63709050?
0
What is the hundred thousands digit of 920015495?
0
What is the units digit of 946038704?
4
What is the hundreds digit of 4724325182?
1
What is the millions digit of 305641070?
5
What is the hundreds digit of 1096259815?
8
What is the thousands digit of 277691469?
1
What is the units digit of 1124299880?
0
What is the millions digit of 62050585?
2
What is the tens digit of 116005129?
2
What is the units digit of 170729466?
6
What is the units digit of 2340254624?
4
What is the hundred thousands digit of 85905026?
9
What is the ten thousands digit of 3223261192?
6
What is the hundred thousands digit of 4574362?
5
What is the thousands digit of 3678608142?
8
What is the hundred millions digit of 4825890695?
8
What is the hundreds digit of 85402813?
8
What is the units digit of 37558905?
5
What is the hundreds digit of 38637493?
4
What is the millions digit of 112517286?
2
What is the hundreds digit of 9443498927?
9
What is the hundreds digit of 117532353?
3
What is the millions digit of 4887014526?
7
What is the hundred thousands digit of 37099883?
0
What is the millions digit of 777185897?
7
What is the tens digit of 63002543?
4
What is the thousands digit of 28461974?
1
What is the thousands digit of 3126087207?
7
What is the thousands digit of 235454760?
4
What is the ten millions digit of 1524981848?
2
What is the hundred thousands digit of 320401644?
4
What is the ten thousands digit of 1227287013?
8
What is the ten thousands digit of 1249432996?
3
What is the hundred millions digit of 245161456?
2
What is the hundred millions digit of 5037612578?
0
What is the thousands digit of 40453152?
3
What is the hundred millions digit of 7690811295?
6
What is the thousands digit of 443402040?
2
What is the billions digit of 5829254103?
5
What is the thousands digit of 30710095?
0
What is the units digit of 404472442?
2
What is the ten thousands digit of 512780935?
8
What is the tens digit of 19559345?
4
What is the tens digit of 704719715?
1
What is the thousands digit of 117172274?
2
What is the units digit of 2624196668?
8
What is the hundred millions digit of 104575501?
1
What is the ten millions digit of 2648584362?
4
What is the ten thousands digit of 206403087?
0
What is the hundred thousands digit of 185172615?
1
What is the millions digit of 80741178?
0
What is the tens digit of 222914577?
7
What is the hundreds digit of 212157117?
1
What is the tens digit of 117556752?
5
What is the thousands digit of 2360148311?
8
What is the hundred thousands digit of 250995211?
9
What is the tens digit of 1752792695?
9
What is the ten millions digit of 266063581?
6
What is the ten thousands digit of 157846111?
4
What is the ten millions digit of 4294623657?
9
What is the tens digit of 276012858?
5
What is the tens digit of 2321202672?
7
What is the millions digit of 160453239?
0
What is the millions digit of 917725633?
7
What is the hundreds digit of 625696431?
4
What is the units digit of 22894940?
0
What is the units digit of 87459936?
6
What is the tens digit of 331178294?
9
What is the hundred thousands digit of 50122580?
1
What is the billions digit of 1408535607?
1
What is the hundreds digit of 593492953?
9
What is the hundreds digit of 3048675947?
9
What is the hundreds digit of 131853379?
3
What is the thousands digit of 259881294?
1
What is the hundreds digit of 43787681?
6
What is the hundreds digit of 118423649?
6
What is the millions digit of 784767015?
4
What is the ten millions digit of 573415926?
7
What is the tens digit of 3142954187?
8
What is the thousands digit of 1186494009?
4
What is the ten thousands digit of 124971103?
7
What is the hundreds digit of 587187384?
3
What is the ten thousands digit of 4723578795?
7
What is the millions digit of 83997304?
3
What is the ten millions digit of 1339843848?
3
What is the thousands digit of 19124055?
4
What is the units digit of 63957808?
8
What is the hundred millions digit of 1212883743?
2
What is the hundreds digit of 1215025194?
1
What is the thousands digit of 84659865?
9
What is the hundred millions digit of 139151195?
1
What is the hundred thousands digit of 501584041?
5
What is the ten millions digit of 230642988?
3
What is the tens digit of 23784502?
0
What is the millions digit of 467531583?
7
What is the millions digit of 433856922?
3
What is the thousands digit of 200373164?
3
What is the tens digit of 4952850559?
5
What is the hundreds digit of 365516769?
7
What is the hundreds digit of 481150951?
9
What is the hundred thousands digit of 1104779522?
7
What is the hundred thousands digit of 31820298?
8
What is the millions digit of 64348040?
4
What is the hundred millions digit of 111951089?
1
What is the billions digit of 2409163533?
2
What is the ten millions d